b - 40*b**2. Determine y(k).
-3
Let x(n) = n**3. Suppose 18*v - 59 = -77. Give x(v).
-1
Let s(l) = l**3 - 8*l**2 + 9*l - 10. Suppose -2*r + 4 = -7*o + 5*o, 3*r + o - 22 = 0. Suppose -28 = -r*u + 2*u. What is s(u)?
4
Let r(c) = -2*c**3 + 9*c**2 + 3*c + 7. Suppose 8*p - 11*p - 10 = -5*v, 4*p + 2*v - 30 = 0. Give r(p).
-3
Let c(v) be the first derivative of 43 + 7*v + 1/3*v**3 + 7/2*v**2. Let a(p) = -p**2 + 3*p + 5. Let m be a(5). Give c(m).
-3
Let u(o) = o**3 - 4*o**2 - 7*o + 3. Let k be 9/2 - (7/(-2))/7. Give u(k).
-7
Let p be 1 + (6 + 1 - 4). Suppose -v + p = -5*v. Let k(r) = -5*r + 1. What is k(v)?
6
Let d(t) = 3*t**2 - 59*t - 13. Let v be d(20). Let p(k) = 5 + 2 - k + 0*k. Calculate p(v).
0
Let a(s) be the second derivative of s**5/20 + 5*s**4/12 - 2*s**3/3 + 5*s**2/2 - s. Suppose 0 = 37*t - 4*t + 198. Give a(t).
-7
Let a(i) be the second derivative of 3/40*i**5 + 6*i + 0*i**3 + 2/3*i**4 + 0 + 0*i**2 + 1/720*i**6. Let n(v) be the third derivative of a(v). What is n(0)?
9
Let t(h) = 3*h - 57. Let g(b) = 14*b - 286. Let o(a) = -3*g(a) + 16*t(a). Let l be o(8). Let s(k) = k - 4. Give s(l).
-10
Let t be (-40)/2 + -6 + 4. Let b = -22 - t. Suppose -3*k - 4*a + 6 = b, 0 = -5*k - 5*a + 2*a + 10. Let u(h) = 4*h - 3. Determine u(k).
5
Let g(f) = -20*f - 6*f**2 - f**3 + 16*f + 9 + f**2 - 5. Let v(p) = -2*p + 1. Let a be v(-2). Suppose 13 = -3*k - 5*m - 19, -12 = -2*k + a*m. Calculate g(k).
4
Let f(c) be the third derivative of 2/3*c**3 + 1/12*c**4 + 42 + 0*c + c**2. Give f(6).
16
Let a = -11 + 13. Suppose -k = k + a. Let v(i) = -3*i. Give v(k).
3
Let i(f) = 3*f**3 - 2*f**2 - 3*f - 3. Let d be i(-1). Let q(h) = h**3 + 5*h**2 - 5*h - 17. Give q(d).
8
Let g(x) = x**3. Suppose 36*t - 24*t - 24 = 0. What is g(t)?
8
Let s(p) = -3*p + 4. Let y(u) = u - 5. Let v(x) = x + 18. Let q be v(-11). Let g be y(q). Suppose g = -5*r - o + 18, 4*r - 2*o = 10. Determine s(r).
-5
Let r(u) = -u**2 - 3*u + 3. Suppose -l + 5*l - 24 = 0. Suppose 0*j + j - l = 0. Let s be j*-3*5/30. Determine r(s).
3
Let y(t) = 1 + 3*t - 9*t - 2 + t**2. Let l be y(6). Let h(v) = -5 - 4 + 4 + 6 - 10*v**3. Determine h(l).
11
Let l(u) be the first derivative of u**4/4 - u**3/6 - 2*u + 2. Let t(c) be the first derivative of l(c). Let a be (-6)/(-9) - 10/6. Determine t(a).
4
Let o(g) be the first derivative of g**5/120 - g**4/12 - 35*g**3/3 - 2. Let w(t) be the third derivative of o(t). Determine w(-3).
-5
Let o(s) = -2*s - 2. Suppose 3*d + 6*m - 3*m - 15 = 0, 4*d = -m + 11. Let z(a) = 2*a - 7. Let h be z(d). Determine o(h).
4
Let u(t) be the second derivative of -1/20*t**5 - 1/2*t**2 - 2/3*t**3 - 1/3*t**4 + t + 0. Let h be 1*(3 + -3) + (-6)/2. What is u(h)?
2
Let v = -32 + 28. Let n be (0 - -2)*(v - 45/(-10)). Let x(l) = 15*l**3 - l**2 + 2*l - 1. Determine x(n).
15
Let w(o) = o**2 - 6*o + 7. Suppose 10*u = 8*u + 4. Let i be u/15 + 365/75. What is w(i)?
2
Let i = -60 - -56. Let r(h) = -h + 6. Determine r(i).
10
Let u(v) = -v**2 + 6*v - 3. Let b be (4/(-6))/(124/(-930)). What is u(b)?
2
Suppose 0 = -8*k + 13*k - 5. Let v(h) be the first derivative of 25*h**4/4 - 2*h**3/3 + h + 4. What is v(k)?
24
Let x = -209 + 214. Let v(w) = w**2 - 2*w - 5. Give v(x).
10
Let s = -21 - -15. Let v(w) = -41*w**2 - 6*w + 8*w - 8*w + 40*w**2. What is v(s)?
0
Let q(s) = s**3 - 2. Suppose -3*z + 2 = -7. Let n = 11 + -4. Suppose 2*f = -z*k, 4*k + 13 + n = 4*f. Determine q(k).
-10
Let b(h) be the third derivative of 0 + 0*h + 4/3*h**3 - 1/60*h**5 - 5/24*h**4 - 12*h**2. Determine b(-6).
2
Let z(n) = 105 - 4*n**2 - n - 106 + 2*n**2. Calculate z(-2).
-7
Suppose -4*x = -0*x + 16. Let r be 2/((-81)/21 - x). Suppose -4*t = -i - i + r, 15 = -5*i. Let c(m) = m + 7. What is c(t)?
2
Let u(a) = 6*a - 1. Let z(x) = 4*x**3 - 6*x**2 - 5*x - 4. Let s(f) = -f**3 - f**2 + f + 1. Let j(b) = -5*s(b) - z(b). Let v be j(-11). What is u(v)?
-7
Let h(m) = -m**2 + 9*m**2 + 5*m - 3 + m**3 + 7*m**2 - 10*m**2. Let o be (16/(-4))/((-12)/9). Suppose 7 = 5*k + 3*g + 30, o*k = -3*g - 15. Give h(k).
-7
Let k(j) = 2*j**3 - 2*j**2 + 1. Let l(f) = -f**3 + 7*f**2 - 6*f + 2. Let n be (4/(-10))/(2/(-10)). Suppose 3*i + n*i - 30 = 0. Let o be l(i). Give k(o).
9
Let q(h) = h**3 - 7*h**2 + 6*h - 1. Let v(a) = a**2 - 10. Let s(y) = -y**3 - 7*y**2 + 8*y. Let k be s(-8). Let g be v(k). Let o be 12*(g/4)/(-5). What is q(o)?
-1
Let t(n) = 1253 - 623 - 13*n - 615 + n**2. Give t(11).
-7
Let p(g) = -g**2 - 5*g. Let n be p(0). Let i(a) be the third derivative of 0*a**3 + 0 + 0*a - 1/10*a**5 + n*a**4 - 3*a**2. Give i(-1).
-6
Let y(q) = q. Let z be y(0). Suppose 2*u - 4*h + 2 = 12, z = 3*h + 12. Let m(o) = o**3 + 2*o**2 - 4*o - 2. What is m(u)?
1
Let f be (2 + (-2)/5)/(4/10). Let m(n) = -n**2 - 4*n + 13. Let i(j) = -j + 1. Let q(k) = f*i(k) - m(k). Let g = -2 + 2. Determine q(g).
-9
Let t be 2/2 + (0 - 0). Let k be ((-90)/(-75))/((-3)/(-10)). Let x(g) = -112*g + 112*g + t + k*g**2. Calculate x(1).
5
Let b(u) = -3*u - 18. Let n(a) = -27*a - 88. Let t be n(-3). Determine b(t).
3
Let u(y) be the third derivative of 1/60*y**5 + 0 + 0*y**4 + 0*y - 1/6*y**3 + 15*y**2. What is u(2)?
3
Let l(o) = -o**2 - 5*o - 2. Suppose -z - 11*z + 24 = 0. Suppose -5*d - 4*t - 1 = z, -21 = 5*d - 2*t. Calculate l(d).
4
Let i(t) = t - 3. Let r(k) = -3*k - 9. Let q be r(-5). Suppose -4*u = -q*f + 4*f - 20, -8 = -2*f. What is i(u)?
4
Let t(r) = 7 - 6 + 0. Let q(u) = u**2 - 9*u - 1. Let a(y) = -q(y) - 6*t(y). What is a(8)?
3
Let j = 103 - 96. Let z(u) = 2 - 2 + 3*u - j + 2 + 2*u**2. What is z(-4)?
15
Let k be (-246)/54 + (-28)/63. Let o(g) = 2*g + 14. Determine o(k).
4
Let f(u) = 16 + 0*u + 8*u - 20 + 4*u**2 - u - u**3. What is f(5)?
6
Let g = -14 - -5. Suppose -3*l + 8 = -l. Let c = l + g. Let j(d) = d**3 + 6*d**2 + 7*d + 4. Determine j(c).
-6
Let l(q) = q**3 + 8*q**2 + 6*q - 8. Suppose 967*x = 965*x - 14. Determine l(x).
-1
Suppose w + 2 = -0*w. Let y be 3 + w + (4 - 0). Let j(v) = 11*v**2 + 4*v. Let b(n) = 31*n**2 + 12*n + 1. Let p(a) = -6*b(a) + 17*j(a). Calculate p(y).
-1
Let u(g) = 7*g - 6. Let z(o) = -48*o + 42. Let t be (9*1)/((-12)/(-8)). Suppose -t*j - 108 = -2*j. Let q(a) = j*u(a) - 4*z(a). What is q(5)?
9
Let r(k) = 6*k - 16. Let w be r(5). Let t(d) = w*d**2 - 10 - 7*d**2 - 6*d**2 - d. Let u be 0/(-3 - (-1 - 0)). Give t(u).
-10
Let t(g) = -6*g - 556 + 278 + 280. Let q = -1 - -4. Determine t(q).
-16
Suppose 29*c + 197 = -180. Let j(m) = -m**3 - 11*m**2 + 24*m - 29. Calculate j(c).
-3
Let y(j) be the second derivative of -1/2*j**2 + 1/12*j**4 + 0 - 1/10*j**5 - 1/6*j**3 - 2*j. Suppose 3 - 1 = -2*x. What is y(x)?
3
Let t(b) = b**2 + 4*b - 43. Let l be t(5). Let f(h) be the first derivative of -5 - l*h + 1/2*h**2. Determine f(-2).
-4
Let j(w) = 13*w - 5. Let l(k) = -4 + 5*k - 3*k + 22*k - 5. Let c(o) = -9*j(o) + 5*l(o). Calculate c(-1).
-3
Let v(a) = 1 + 4*a + 4 - 3*a**3 - 4*a**3 - 3*a + 6*a**3. Calculate v(0).
5
Let c = 450 + -451. Let q(n) = -10*n**2 + n. Determine q(c).
-11
Suppose -26*i - 171 = 37. Let m(l) = -l - 4. Calculate m(i).
4
Let d(a) = -2*a**2 + 11*a + 18. Let m(n) = -n**2 + 5*n + 8. Let h(f) = 3*d(f) - 7*m(f). Determine h(2).
-2
Let l(t) = 3*t + 1. Let h(x) be the third derivative of -x**5/60 - x**4/8 + 2*x**3/3 - 3*x**2. Let u be h(-3). Suppose 2*w + 4 = -u. Give l(w).
-11
Let p(y) = -2*y + 12. Suppose 3*f = -3*i + 12, i = 3*f + 27 - 7. What is p(i)?
-4
Let t(m) = -m**2 - 8*m - 5. Let a = -231 - -223. What is t(a)?
-5
Let m(l) = l**3 + 7*l**2 - l + 1. Let x be m(-7). Let s(f) = x - f - 19 + 20. Determine s(5).
4
Let c be 5 + ((-20)/(-8))/(5/10). Let s(j) = -j**3 + 9*j**2 + 10*j - 6. What is s(c)?
-6
Suppose -z + 11*s - 6*s + 9 = 0, -4*z = s + 48. Let l(a) = -a**2 - 11*a + 12. What is l(z)?
12
Let g = 2848 - 2844. Let q(n) = 0 - 3*n**2 + 5*n + 2*n**2 - 4. Calculate q(g).
0
Let i(c) be the first derivative of 7/2*c**4 + 0*c**3 + 1/2*c**2 + 0*c - 2. Give i(1).
15
Let d be (-2)/9 + (-112)/(-18) + -3. Let v(y) = -3*y**2 - 15 + 3*y**d + 13 - 2*y**2 - 4*y**3. Determine v(-5).
-2
Let q(z) = -z. Suppose -1562 = -8*l - 562. Suppose a - 5*r = 3*a + 17, -5*a + 4*r - l = 0. Let h be 6/a + (-92)/(-28). Calculate q(h).
-3
Let l(f) be the second derivative of 1/12*f**4 + 1/2*f**2 - 4*f + f**3 + 0. Calculate l(-5).
-4
Let s(z) be the second derivative of 2/3*z**3 + 2*z - 2*z**2 + 0 - 1/60*z**